{"id":8171,"date":"2016-02-23T20:37:12","date_gmt":"2016-02-23T19:37:12","guid":{"rendered":"http:\/\/www.andreclaude.fr\/web\/?post_type=product&#038;p=8171"},"modified":"2020-12-10T15:45:02","modified_gmt":"2020-12-10T14:45:02","slug":"coffret-2-bouteilles-4","status":"publish","type":"product","link":"https:\/\/www.passionfruits.fr\/index.php\/produit\/coffret-2-bouteilles-4\/","title":{"rendered":"Coffret 2 bouteilles Deutz"},"content":{"rendered":"","protected":false},"excerpt":{"rendered":"<p>Coffret 2 bouteilles<\/p>\n<ul>\n<li>Champagne Deutz blanc 75 cl<\/li>\n<li>Champagne Deutz ros\u00e9 75 cl<\/li>\n<\/ul>\n<p class=\" text-justify\">La consommation de boissons alcoolis\u00e9es pendant la grossesse, m\u00eame en faible quantit\u00e9, peut avoir des cons\u00e9quences graves sur la sant\u00e9 de l\u2019enfant.<\/p>\n<p class=\" text-justify\">L ABUS D ALCOOL EST DANGEREUX POUR LA SANTE. A CONSOMMER AVEC MODERATION.<\/p>\n<p class=\" text-justify\">LA VENTE D ALCOOL EST INTERDITE AUX MINEURS.<\/p>\n","protected":false},"featured_media":8172,"comment_status":"closed","ping_status":"closed","template":"","meta":{"spay_email":"","jetpack_publicize_message":"","jetpack_is_tweetstorm":false},"jetpack_publicize_connections":[],"jetpack_sharing_enabled":true,"jetpack-related-posts":[{"id":13454,"url":"https:\/\/www.passionfruits.fr\/index.php\/produit\/champagne-coffret-amour-de-deutz-rose-2009-375-cl\/","url_meta":{"origin":8171,"position":0},"title":"Champagne Coffret Amour de Deutz Ros\u00e9 2009 - 37,5 cl","date":"19 janvier 2019","format":false,"excerpt":"L\u2019histoire du Champagne Deutz commence en 1838 \u00e0 A\u00ff en plein coeur de la Champagne. Fond\u00e9e par deux n\u00e9gociants dont le c\u00e9l\u00e8bre William Deutz, la maison Deutz acquiert tr\u00e8s vite une belle renomm\u00e9e internationale. Aujourd\u2019hui les champagnes Deutz sont \u00e0 la t\u00eate de l\u2019un des plus beaux patrimoines viticoles de\u2026","rel":"","context":"Article similaire","img":{"alt_text":"","src":"https:\/\/i2.wp.com\/www.passionfruits.fr\/wp-content\/uploads\/2019\/01\/Amour-de-Deutz-Rose-demi.jpeg?fit=300%2C300&ssl=1&resize=350%2C200","width":350,"height":200},"classes":[]},{"id":5488,"url":"https:\/\/www.passionfruits.fr\/index.php\/produit\/champagne-deutz-brut-classic\/","url_meta":{"origin":8171,"position":1},"title":"Champagne Deutz Brut classic 75cl","date":"7 d\u00e9cembre 2015","format":false,"excerpt":"Robe or soutenu avec de tr\u00e8s fines bulles. En bouche : ample, vive et souple qui s'arrondit sur une finale fruit\u00e9e et fra\u00eeche tr\u00e8s persistante. L\u2019histoire du Champagne Deutz commence en 1838 \u00e0 A\u00ff en plein coeur de la Champagne. Fond\u00e9e par deux n\u00e9gociants dont le c\u00e9l\u00e8bre William Deutz, la\u2026","rel":"","context":"Article similaire","img":{"alt_text":"","src":"https:\/\/i2.wp.com\/www.passionfruits.fr\/wp-content\/uploads\/2015\/12\/deutz.jpg?fit=600%2C600&ssl=1&resize=350%2C200","width":350,"height":200},"classes":[]},{"id":8161,"url":"https:\/\/www.passionfruits.fr\/index.php\/produit\/coffret-3-bouteilles-6\/","url_meta":{"origin":8171,"position":2},"title":"Coffret 3 bouteilles Pellehaut Harmonie","date":"23 f\u00e9vrier 2016","format":false,"excerpt":"Coffret 3 bouteilles Pellehaut Harmonie rouge 75 cl Pellehaut Harmonie blanc 75 cl Pellehaut Harmonie\u00a0ros\u00e9 75 cl La consommation de boissons alcoolis\u00e9es pendant la grossesse, m\u00eame en faible quantit\u00e9, peut avoir des cons\u00e9quences graves sur la sant\u00e9 de l\u2019enfant. LA VENTE D ALCOOL EST INTERDITE AUX MINEURS. L ABUS D\u2026","rel":"","context":"Article similaire","img":{"alt_text":"","src":"https:\/\/i0.wp.com\/www.passionfruits.fr\/wp-content\/uploads\/2016\/02\/coffret-pellehaut-trio.jpg?fit=600%2C600&ssl=1&resize=350%2C200","width":350,"height":200},"classes":[]},{"id":11415,"url":"https:\/\/www.passionfruits.fr\/index.php\/produit\/champagne-bouche-pere-fils-cuvee-rosee-75-cl\/","url_meta":{"origin":8171,"position":3},"title":"Champagne Bouch\u00e9 P\u00e8re & Fils Cuv\u00e9e Ros\u00e9e 75 cl","date":"15 d\u00e9cembre 2017","format":false,"excerpt":"Cette cuv\u00e9e est compos\u00e9e de 50% Pinot Noir, 40% Chardonnay et 10% Pinot Meunier. \u2013 ros\u00e9 d\u2019assemblage \u2013 trois ann\u00e9es de vieillissement en bouteille. \u2013 ar\u00f4mes \u00e9l\u00e9gant et subtils de fruits rouges Oeil : Robe rose claire, bulles fines et d\u00e9licates. Nez : Tr\u00e8s fruit\u00e9, ar\u00f4mes de fruits rouges et\u2026","rel":"","context":"Article similaire","img":{"alt_text":"","src":"https:\/\/i0.wp.com\/www.passionfruits.fr\/wp-content\/uploads\/2017\/12\/bouche-rose1.jpg?fit=600%2C599&ssl=1&resize=350%2C200","width":350,"height":200},"classes":[]},{"id":17049,"url":"https:\/\/www.passionfruits.fr\/index.php\/produit\/coffret-biere-de-chartres-une-bouteille-75cl-et-une-chope-100-cl\/","url_meta":{"origin":8171,"position":4},"title":"Coffret Bi\u00e8re de Chartres une bouteille 75cl et une Chope 100 cl","date":"10 d\u00e9cembre 2020","format":false,"excerpt":"Biere de Chartres Brass\u00e9e au bl\u00e9 de Beauce Fermentation haute non filtr\u00e9e, elle est brass\u00e9e naturellement. Contient du malt de bl\u00e9 et du malte d' orge . Alcool 5,0 %. Brasserie Meteor Alsace La consommation de boissons alcoolis\u00e9es pendant la grossesse, m\u00eame en faible quantit\u00e9, peut avoir des cons\u00e9quences graves\u2026","rel":"","context":"Article similaire","img":{"alt_text":"","src":"https:\/\/i2.wp.com\/www.passionfruits.fr\/wp-content\/uploads\/2019\/11\/Coffret-biere.jpg?fit=655%2C845&ssl=1&resize=350%2C200","width":350,"height":200},"classes":[]},{"id":17048,"url":"https:\/\/www.passionfruits.fr\/index.php\/produit\/coffret-biere-de-chartres-une-bouteille-33-cl-et-verre-de-25cl\/","url_meta":{"origin":8171,"position":5},"title":"Coffret Bi\u00e8re de Chartres une bouteille 33 cl et verre de 25cl","date":"10 d\u00e9cembre 2020","format":false,"excerpt":"Biere de Chartres Brass\u00e9e au bl\u00e9 de Beauce Fermentation haute non filtr\u00e9e, elle est brass\u00e9e naturellement. Contient du malt de bl\u00e9 et du malte d' orge . Alcool 5,0 %. Brasserie Meteor Alsace La consommation de boissons alcoolis\u00e9es pendant la grossesse, m\u00eame en faible quantit\u00e9, peut avoir des cons\u00e9quences graves\u2026","rel":"","context":"Article similaire","img":{"alt_text":"","src":"https:\/\/i2.wp.com\/www.passionfruits.fr\/wp-content\/uploads\/2019\/11\/Coffret-biere.jpg?fit=655%2C845&ssl=1&resize=350%2C200","width":350,"height":200},"classes":[]}],"_links":{"self":[{"href":"https:\/\/www.passionfruits.fr\/index.php\/wp-json\/wp\/v2\/product\/8171"}],"collection":[{"href":"https:\/\/www.passionfruits.fr\/index.php\/wp-json\/wp\/v2\/product"}],"about":[{"href":"https:\/\/www.passionfruits.fr\/index.php\/wp-json\/wp\/v2\/types\/product"}],"replies":[{"embeddable":true,"href":"https:\/\/www.passionfruits.fr\/index.php\/wp-json\/wp\/v2\/comments?post=8171"}],"wp:featuredmedia":[{"embeddable":true,"href":"https:\/\/www.passionfruits.fr\/index.php\/wp-json\/wp\/v2\/media\/8172"}],"wp:attachment":[{"href":"https:\/\/www.passionfruits.fr\/index.php\/wp-json\/wp\/v2\/media?parent=8171"}],"curies":[{"name":"wp","href":"https:\/\/api.w.org\/{rel}","templated":true}]}}