{"id":9857,"date":"2016-12-11T08:34:14","date_gmt":"2016-12-11T07:34:14","guid":{"rendered":"http:\/\/www.andreclaude.fr\/web\/?post_type=product&#038;p=9857"},"modified":"2023-03-04T12:33:51","modified_gmt":"2023-03-04T11:33:51","slug":"chevre-fruits-rouge-la-piece-env-100g","status":"publish","type":"product","link":"https:\/\/www.passionfruits.fr\/index.php\/produit\/chevre-fruits-rouge-la-piece-env-100g\/","title":{"rendered":"Ch\u00e8vre Perche blanc piment de la r\u00e9gion la pi\u00e8ce"},"content":{"rendered":"<p>EARL DU PETIT PERCHE<\/p>\n<p>La Bretonnerie<\/p>\n<p>41270 ROMILLY DU PERCHE<\/p>\n","protected":false},"excerpt":{"rendered":"<header class=\"entry-header\">\n<h1 class=\"entry-title\">Le Petit Perche Piment d\u2019Espelette<\/h1>\n<\/header>\n<div class=\"entry-content clearfix\">\n<div class=\"vc_row wpb_row vc_row-fluid\">\n<div class=\"wpb_column vc_column_container vc_col-sm-6\">\n<div class=\"vc_column-inner \">\n<div class=\"wpb_wrapper\">\n<div class=\"wpb_text_column wpb_content_element \">\n<div class=\"wpb_wrapper\">\n<p><strong>Fromage de ch\u00e8vre fermier au lait cru \u2013 EARL DU PETIT PERCHE<\/strong><\/p>\n<ul>\n<li>(97% de <strong>lait<\/strong> frais, 2 % de lactos\u00e9rum issu de l\u2019exploitation, 0,8% de pr\u00e9sure, 0,1 % de sel et 0,1 % de piment),<\/li>\n<li>provenant de L\u2019EARL DU PETIT PERCHE,<\/li>\n<li>Moul\u00e9 \u00e0 la louche<\/li>\n<li>Frais<\/li>\n<li>Sel naturel blanc et piment d\u2019Espelette<\/li>\n<li>Mati\u00e8re grasse moyenne 23 %<\/li>\n<li>Poids minimum au d\u00e9moulage 175 g<\/li>\n<li>Allerg\u00e8ne : <strong>Lait<\/strong><\/li>\n<\/ul>\n<\/div>\n<\/div>\n<\/div>\n<\/div>\n<\/div>\n<\/div>\n<\/div>\n<header class=\"entry-header\">\n<p class=\"entry-title\">FROMAGES M\u00c9DAILL\u00c9S<\/p>\n<\/header>\n<p>Le 21 juin 2017, concours r\u00e9gional de fromages au ch\u00e2teau de Selles-Sur-Cher.<\/p>\n<p>7 m\u00e9dailles re\u00e7ues pour 7 fromages pr\u00e9sent\u00e9s.<\/p>\n<p>Le Tr\u00e8ffle m\u00e9daille d&#8217;argent.<\/p>\n<p>La Pyramide m\u00e9daille d&#8217;argent ex-aequo.<\/p>\n<p>Le Petit Perche au poivre m\u00e9daille de bronze.<\/p>\n<p>Le Petit Perche persillade m\u00e9daille d&#8217;or.<\/p>\n<p>Le Petit Perche long affin\u00e9s m\u00e9daille d&#8217;or.<\/p>\n<p>Le Petit Perche blanc m\u00e9daille d&#8217;or.<\/p>\n<p>Le Petit Perche long d\u00e9but d&#8217;affinage m\u00e9daille d&#8217;or.<\/p>\n<p>&nbsp;<\/p>\n","protected":false},"featured_media":9856,"comment_status":"closed","ping_status":"closed","template":"","meta":{"spay_email":"","jetpack_publicize_message":"","jetpack_is_tweetstorm":false},"jetpack_publicize_connections":[],"jetpack_sharing_enabled":true,"jetpack-related-posts":[{"id":9858,"url":"https:\/\/www.passionfruits.fr\/index.php\/produit\/chevre-raisin-sec-la-piece-env-100g\/","url_meta":{"origin":9857,"position":0},"title":"Ch\u00e8vre Perche blanc persillade de la r\u00e9gion la pi\u00e8ce","date":"11 d\u00e9cembre 2016","format":false,"excerpt":"Le Petit Perche Persill\u00e9 Fromage de ch\u00e8vre fermier au lait cru \u2013 EARL DU PETIT PERCHE (97% de lait frais, 2 % de lactos\u00e9rum issu de l\u2019exploitation, 0,8% de pr\u00e9sure, 0,1 % de sel et 0,1 % de persillade), provenant de L\u2019EARL DU PETIT PERCHE, Moul\u00e9 \u00e0 la louche Frais\u2026","rel":"","context":"Article similaire","img":{"alt_text":"","src":"https:\/\/i0.wp.com\/www.passionfruits.fr\/wp-content\/uploads\/2016\/12\/chevre-aromatise.jpg?fit=591%2C600&ssl=1&resize=350%2C200","width":350,"height":200},"classes":[]},{"id":11522,"url":"https:\/\/www.passionfruits.fr\/index.php\/produit\/chevre-perche-cendre-de-la-region-la-piece\/","url_meta":{"origin":9857,"position":1},"title":"Ch\u00e8vre Perche cendr\u00e9 de la r\u00e9gion la pi\u00e8ce","date":"10 janvier 2018","format":false,"excerpt":"Petit Perche cendr\u00e9 Fromage de ch\u00e8vre fermier au lait cru \u2013 EARL DU PETIT PERCHE (97% de lait frais, 2% de lactos\u00e9rum issu de l\u2019exploitation,\u00a00,8% de pr\u00e9sure et 0,2 % de sel), provenant de L\u2019EARL DU PETIT PERCHE, Moul\u00e9 \u00e0 la louche Frais, Affin\u00e9 ou Sec Sel naturel noir Mati\u00e8re\u2026","rel":"","context":"Article similaire","img":{"alt_text":"","src":"https:\/\/i0.wp.com\/www.passionfruits.fr\/wp-content\/uploads\/2018\/01\/chevre-rond-cendre.jpg?fit=600%2C600&ssl=1&resize=350%2C200","width":350,"height":200},"classes":[]},{"id":6478,"url":"https:\/\/www.passionfruits.fr\/index.php\/produit\/perche-long-de-la-region-la-piece\/","url_meta":{"origin":9857,"position":2},"title":"Ch\u00e8vre Perche long la pi\u00e8ce","date":"7 d\u00e9cembre 2015","format":false,"excerpt":"Le Perche long Fromage de ch\u00e8vre fermier au lait cru \u2013 EARL DU PETIT PERCHE (97% de lait frais, 2% de lactos\u00e9rum issu de l\u2019exploitation,\u00a00,8% de pr\u00e9sure et 0,2 % de sel), provenant de L\u2019EARL DU PETIT PERCHE, Moul\u00e9 \u00e0 la louche Frais, Affin\u00e9 ou Sec Sel naturel noir Mati\u00e8re\u2026","rel":"","context":"Article similaire","img":{"alt_text":"","src":"https:\/\/i2.wp.com\/www.passionfruits.fr\/wp-content\/uploads\/2015\/12\/perhe.png?fit=600%2C600&ssl=1&resize=350%2C200","width":350,"height":200},"classes":[]},{"id":6482,"url":"https:\/\/www.passionfruits.fr\/index.php\/produit\/petit-perche-blanc-la-piece\/","url_meta":{"origin":9857,"position":3},"title":"Ch\u00e8vre Perche blanc de la r\u00e9gion la pi\u00e8ce","date":"7 d\u00e9cembre 2015","format":false,"excerpt":"Le Petit Perche nature Fromage de ch\u00e8vre fermier au lait cru \u2013 EARL DU PETIT PERCHE (97% de lait frais, 2% de lactos\u00e9rum issu de l\u2019exploitation,\u00a00,8% de pr\u00e9sure et 0,2 % de sel), provenant de L\u2019EARL DU PETIT PERCHE, Moul\u00e9 \u00e0 la louche Frais, Affin\u00e9 ou Sec Sel naturel blanc\u2026","rel":"","context":"Article similaire","img":{"alt_text":"","src":"https:\/\/i2.wp.com\/www.passionfruits.fr\/wp-content\/uploads\/2015\/12\/chevre-frais.jpg?fit=600%2C600&ssl=1&resize=350%2C200","width":350,"height":200},"classes":[]},{"id":6480,"url":"https:\/\/www.passionfruits.fr\/index.php\/produit\/petit-perche-fume-la-piece\/","url_meta":{"origin":9857,"position":4},"title":"Ch\u00e8vre fum\u00e9 de la r\u00e9gion la pi\u00e8ce","date":"7 d\u00e9cembre 2015","format":false,"excerpt":"Le Petit Perche fum\u00e9 Fromage de ch\u00e8vre fermier au lait cru \u2013 EARL DU PETIT PERCHE (97% de lait frais, 2 % de lactos\u00e9rum issu de l\u2019exploitation, \u00a00,8% de pr\u00e9sure et 0,2 % de sel), provenant de L\u2019EARL DU PETIT PERCHE, Moul\u00e9 \u00e0 la louche Affin\u00e9 Fum\u00e9 au bois de\u2026","rel":"","context":"Article similaire","img":{"alt_text":"","src":"https:\/\/i0.wp.com\/www.passionfruits.fr\/wp-content\/uploads\/2015\/12\/Perche-fume.jpg?fit=300%2C300&ssl=1&resize=350%2C200","width":350,"height":200},"classes":[]},{"id":6492,"url":"https:\/\/www.passionfruits.fr\/index.php\/produit\/chevre-trefle-de-la-region-la-piece\/","url_meta":{"origin":9857,"position":5},"title":"Ch\u00e8vre Tr\u00e9fle de la r\u00e9gion la pi\u00e8ce","date":"7 d\u00e9cembre 2015","format":false,"excerpt":"Le Tr\u00e8fle CCP Fromage de ch\u00e8vre fermier au lait cru \u2013 CCP (certification de conformit\u00e9 de produit) \u00a0EARL DU PETIT PERCHE (97% de lait frais, 2% de lactos\u00e9rum issu de l\u2019exploitation,\u00a00,8% de pr\u00e9sure et 0,2 % de sel), provenant de L\u2019EARL DU PETIT PERCHE, Moul\u00e9 \u00e0 la louche Affin\u00e9 ou\u2026","rel":"","context":"Article similaire","img":{"alt_text":"","src":"https:\/\/i1.wp.com\/www.passionfruits.fr\/wp-content\/uploads\/2015\/12\/fromage-trefle.jpg?fit=597%2C596&ssl=1&resize=350%2C200","width":350,"height":200},"classes":[]}],"_links":{"self":[{"href":"https:\/\/www.passionfruits.fr\/index.php\/wp-json\/wp\/v2\/product\/9857"}],"collection":[{"href":"https:\/\/www.passionfruits.fr\/index.php\/wp-json\/wp\/v2\/product"}],"about":[{"href":"https:\/\/www.passionfruits.fr\/index.php\/wp-json\/wp\/v2\/types\/product"}],"replies":[{"embeddable":true,"href":"https:\/\/www.passionfruits.fr\/index.php\/wp-json\/wp\/v2\/comments?post=9857"}],"wp:featuredmedia":[{"embeddable":true,"href":"https:\/\/www.passionfruits.fr\/index.php\/wp-json\/wp\/v2\/media\/9856"}],"wp:attachment":[{"href":"https:\/\/www.passionfruits.fr\/index.php\/wp-json\/wp\/v2\/media?parent=9857"}],"curies":[{"name":"wp","href":"https:\/\/api.w.org\/{rel}","templated":true}]}}

Chèvre Perche blanc piment de la région la pièce

<header class="entry-header">
<h1 class="entry-title">Le Petit Perche Piment d’Espelette</h1>
</header>
<div class="entry-content clearfix">
<div class="vc_row wpb_row vc_row-fluid">
<div class="wpb_column vc_column_container vc_col-sm-6">
<div class="vc_column-inner ">
<div class="wpb_wrapper">
<div class="wpb_text_column wpb_content_element ">
<div class="wpb_wrapper">
<p><strong>Fromage de chèvre fermier au lait cru – EARL DU PETIT PERCHE</strong></p>
<ul>
<li>(97% de <strong>lait</strong> frais, 2 % de lactosérum issu de l’exploitation, 0,8% de présure, 0,1 % de sel et 0,1 % de piment),</li>
<li>provenant de L’EARL DU PETIT PERCHE,</li>
<li>Moulé à la louche</li>
<li>Frais</li>
<li>Sel naturel blanc et piment d’Espelette</li>
<li>Matière grasse moyenne 23 %</li>
<li>Poids minimum au démoulage 175 g</li>
<li>Allergène : <strong>Lait</strong></li>
</ul>
</div>
</div>
</div>
</div>
</div>
</div>
</div>
<header class="entry-header">
<p class="entry-title">FROMAGES MÉDAILLÉS</p>
</header>
<p>Le 21 juin 2017, concours régional de fromages au château de Selles-Sur-Cher.</p>
<p>7 médailles reçues pour 7 fromages présentés.</p>
<p>Le Trèffle médaille d&#8217;argent.</p>
<p>La Pyramide médaille d&#8217;argent ex-aequo.</p>
<p>Le Petit Perche au poivre médaille de bronze.</p>
<p>Le Petit Perche persillade médaille d&#8217;or.</p>
<p>Le Petit Perche long affinés médaille d&#8217;or.</p>
<p>Le Petit Perche blanc médaille d&#8217;or.</p>
<p>Le Petit Perche long début d&#8217;affinage médaille d&#8217;or.</p>
<p>&nbsp;</p>

Chèvre Perche blanc persillade de la région la pièce

11 décembre 2016

Le Petit Perche Persillé Fromage de chèvre fermier au lait cru – EARL DU PETIT PERCHE (97% de lait frais, 2 % de lactosérum issu de l’exploitation, 0,8% de présure, 0,1 % de sel et 0,1 % de persillade), provenant de L’EARL DU PETIT PERCHE, Moulé à la louche Frais…

Chèvre Perche cendré de la région la pièce

Petit Perche cendré Fromage de chèvre fermier au lait cru – EARL DU PETIT PERCHE (97% de lait frais, 2% de lactosérum issu de l’exploitation, 0,8% de présure et 0,2 % de sel), provenant de L’EARL DU PETIT PERCHE, Moulé à la louche Frais, Affiné ou Sec Sel naturel noir Matière…

Chèvre Perche long la pièce

7 décembre 2015

Le Perche long Fromage de chèvre fermier au lait cru – EARL DU PETIT PERCHE (97% de lait frais, 2% de lactosérum issu de l’exploitation, 0,8% de présure et 0,2 % de sel), provenant de L’EARL DU PETIT PERCHE, Moulé à la louche Frais, Affiné ou Sec Sel naturel noir Matière…

Chèvre Perche blanc de la région la pièce

Le Petit Perche nature Fromage de chèvre fermier au lait cru – EARL DU PETIT PERCHE (97% de lait frais, 2% de lactosérum issu de l’exploitation, 0,8% de présure et 0,2 % de sel), provenant de L’EARL DU PETIT PERCHE, Moulé à la louche Frais, Affiné ou Sec Sel naturel blanc…

Chèvre fumé de la région la pièce

Le Petit Perche fumé Fromage de chèvre fermier au lait cru – EARL DU PETIT PERCHE (97% de lait frais, 2 % de lactosérum issu de l’exploitation,  0,8% de présure et 0,2 % de sel), provenant de L’EARL DU PETIT PERCHE, Moulé à la louche Affiné Fumé au bois de…

Chèvre Tréfle de la région la pièce

Le Trèfle CCP Fromage de chèvre fermier au lait cru – CCP (certification de conformité de produit)  EARL DU PETIT PERCHE (97% de lait frais, 2% de lactosérum issu de l’exploitation, 0,8% de présure et 0,2 % de sel), provenant de L’EARL DU PETIT PERCHE, Moulé à la louche Affiné ou…
